est common divisor of 15190 and 28420.
490
Calculate the highest common factor of 624 and 470544.
48
What is the highest common divisor of 3 and 8082?
3
Calculate the highest common divisor of 407 and 8085.
11
What is the highest common divisor of 685465 and 515?
515
Calculate the greatest common divisor of 57431 and 759.
253
What is the greatest common factor of 5596 and 92?
4
What is the greatest common factor of 35280 and 9849?
147
Calculate the greatest common factor of 79884 and 1428.
84
Calculate the highest common divisor of 715 and 137720.
55
What is the highest common factor of 251931 and 237?
237
What is the highest common divisor of 132 and 63348?
12
Calculate the greatest common factor of 85330 and 23.
23
What is the highest common factor of 104581 and 1288?
23
What is the highest common factor of 7 and 1265677?
7
What is the greatest common divisor of 22256 and 12?
4
Calculate the greatest common factor of 3233 and 12261.
61
What is the greatest common divisor of 1995 and 56715?
285
What is the greatest common factor of 9468 and 1008?
36
Calculate the highest common divisor of 32 and 373640.
8
Calculate the highest common divisor of 12215 and 7595.
35
What is the highest common divisor of 38 and 4219729?
19
Calculate the greatest common divisor of 57994 and 5962.
542
Calculate the greatest common divisor of 204876 and 81571.
1897
Calculate the highest common divisor of 35072 and 152.
8
What is the greatest common factor of 98275 and 125?
25
Calculate the greatest common divisor of 985521 and 93.
93
Calculate the highest common divisor of 1776522 and 330.
66
Calculate the highest common divisor of 153 and 46461.
51
Calculate the highest common factor of 83 and 57021.
83
What is the greatest common factor of 7267 and 2119?
13
Calculate the highest common factor of 468984 and 24.
24
Calculate the highest common factor of 5043 and 69864.
123
What is the greatest common divisor of 2847 and 36573?
219
What is the highest common factor of 66 and 34991?
11
Calculate the greatest common factor of 1760 and 319.
11
What is the highest common factor of 2519 and 77?
11
What is the greatest common factor of 18 and 157572?
18
What is the greatest common divisor of 16269 and 165?
33
Calculate the highest common divisor of 28208 and 1476.
164
What is the highest common factor of 714 and 163044?
42
What is the highest common factor of 6966048 and 1788?
1788
What is the greatest common divisor of 595 and 45101?
119
What is the greatest common divisor of 22516 and 28?
4
Calculate the greatest common factor of 779176 and 8.
8
Calculate the greatest common divisor of 108 and 60966.
54
What is the highest common divisor of 5014 and 46?
46
Calculate the greatest common divisor of 5180 and 11440.
20
What is the greatest common factor of 2112 and 592152?
264
Calculate the highest common factor of 41680 and 505.
5
Calculate the greatest common divisor of 213085 and 95.
95
What is the highest common factor of 98 and 300671?
7
Calculate the highest common factor of 20 and 6250.
10
Calculate the highest common divisor of 103 and 137505.
103
What is the greatest common factor of 9055 and 75?
5
What is the highest common factor of 1913720 and 60?
20
What is the greatest common divisor of 105 and 301848?
3
Calculate the highest common factor of 280 and 7070.
70
What is the highest common factor of 3 and 2085?
3
What is the greatest common divisor of 2667 and 4011?
21
What is the highest common divisor of 255 and 22905?
15
Calculate the greatest common factor of 194 and 452893.
97
What is the greatest common divisor of 15 and 205305?
15
Calculate the highest common divisor of 6 and 520086.
6
Calculate the highest common factor of 1285 and 50.
5
What is the greatest common divisor of 227751 and 1068?
267
What is the greatest common divisor of 6279 and 2116?
23
Calculate the greatest common divisor of 748 and 1147993.
187
What is the highest common factor of 26723 and 4?
1
Calculate the highest common divisor of 64 and 338584.
8
What is the greatest common divisor of 24048 and 7400?
8
What is the highest common divisor of 13 and 67223?
13
What is the highest common factor of 44288 and 42212?
692
Calculate the highest common factor of 173400 and 1800.
600
Calculate the highest common divisor of 29606 and 1808.
226
Calculate the highest common factor of 8241168 and 24.
24
Calculate the highest common divisor of 262702 and 253.
11
Calculate the greatest common divisor of 11154 and 42.
6
What is the highest common factor of 114 and 7657?
19
What is the greatest common factor of 117 and 229359?
39
Calculate the highest common divisor of 20432 and 236245.
1277
What is the highest common factor of 30272 and 93181?
473
Calculate the highest common factor of 379378 and 93.
31
What is the highest common divisor of 8 and 153?
1
What is the greatest common divisor of 3684 and 40116?
12
What is the greatest common factor of 14200 and 350?
50
What is the highest common divisor of 690548 and 116?
116
Calculate the greatest common factor of 242 and 1352824.
22
What is the greatest common factor of 962 and 267362?
74
Calculate the highest common factor of 1842 and 916702.
614
Calculate the highest common divisor of 1413028 and 92.
92
What is the greatest common factor of 3511525 and 155?
155
What is the greatest common divisor of 97526 and 299?
13
Calculate the greatest common divisor of 12 and 330702.
6
What is the highest common factor of 43017 and 39?
39
What is the highest common divisor of 9468 and 24?
12
Calculate the greatest common divisor of 148 and 634032.
148
Calculate the greatest common divisor of 36 and 2287476.
36
What is the highest common factor of 6985 and 2255520?
635
What is the highest common divisor of 16750160 and 49?
49
What is the greatest common factor of 7310 and 54610?
430
What is the greatest common divisor of 124917 and 91?
13
What is the greatest common factor of 1083356 and 398?
398
What is the greatest common factor of 459705 and 570?
285
What is the greatest common factor of 784 and 2646?
98
Calculate the highest common factor of 352 and 218240.
352
Calculate the greatest common factor of 21 and 573.
3
Calculate the greatest common divisor of 1056 and 126368.
352
Calculate the highest common factor of 147 and 528549.
21
Calculate the highest common factor of 24 and 992552.
8
What is the highest common factor of 10432 and 25754?
326
What is the greatest common factor of 17205 and 10915?
185
What is the greatest common divisor of 92 and 145314?
46
What is the highest common factor of 133757 and 13?
13
What is the highest common divisor of 364 and 70420?
28
What is the highest common divisor of 24548 and 16?
4
What is the greatest common factor of 177557 and 831?
277
Calculate the greatest common factor of 6834 and 8.
2
Calculate the greatest common factor of 739810 and 2338.
334
Calculate the highest common divisor of 311100 and 306.
102
Calculate the highest common factor of 992 and 209680.
16
What is the highest common factor of 5491 and 55488?
289
What is the greatest common divisor of 10769 and 121?
121
What is the greatest common factor of 2334 and 942?
6
Calculate the highest common factor of 996 and 2580.
12
What is the highest common factor of 3861 and 1?
1
What is the highest common divisor of 8767 and 33474?
797
Calculate the highest common factor of 3523 and 364.
13
What is the greatest common divisor of 24 and 435144?
24
Calculate the highest common divisor of 11748 and 308.
44
What is the greatest common divisor of 3509 and 9889?
319
What is the greatest common divisor of 6272 and 114856?
392
What is the greatest common divisor of 76979 and 245?
49
Calculate the greatest common factor of 4069967 and 11.
11
Calculate the greatest common divisor of 48 and 7059008.
16
What is the greatest common divisor of 179 and 93617?
179
What is the greatest common factor of 235 and 1019195?
235
What is the greatest common factor of 189 and 901152?
189
What is the highest common divisor of 30 and 12?
6
What is the greatest common factor of 1670 and 1840?
10
Calculate the highest common factor of 2019600 and 2700.
2700
What is the highest common factor of 6384 and 108?
12
Calculate the greatest common divisor of 12 and 458490.
6
Calculate the highest